ts digit of m(-12)?
6
Suppose -23 = -2*n + 9. Let t be -4*(-34)/8 + 1. Let g = n + t. What is the units digit of g?
4
Let h(b) = -27*b**3 + b + 6376. What is the hundreds digit of h(0)?
3
Let m(q) = -q**2 + 11*q + 37. Let v be m(7). Suppose -57 = -v*h + 62*h. What is the units digit of h?
9
Let r = -36 + 78. Let l = r - 37. Suppose -2*z = 5*v - 346, -l*v - 2*z + 7*z + 360 = 0. What is the units digit of v?
0
Let p(v) = -v**2 - 23*v - 19. Let m be p(-22). What is the hundreds digit of (-1 + m)/((-5)/(-1355))?
5
Suppose 0 = 5*g - 2*i - 7520, 2*i - 1516 = -g - 0*g. Suppose -4*a = 5*u - g, 2*a = -3*a + 4*u + 1903. What is the units digit of a?
9
Suppose 0 = 3*z + 62 - 71. Let x be ((-194)/z)/(2/(-24)). Suppose -5*r + x = 76. What is the tens digit of r?
4
Let q(u) = 11*u**2 + 3*u - 7 + 0*u**3 + 0*u**3 - u**3 - 8. Suppose -m + 5*z = -11, 13*m - 8*m + 4*z = 26. What is the tens digit of q(m)?
8
Let t = 9082 + 1884. What is the thousands digit of t?
0
Suppose 0 = 9*n - 17*n - 1056. Let o = 123 + n. What is the hundreds digit of 84/o*-18*1?
1
Suppose -101 = -9*d + 25. Suppose -d*y = 7 - 63. What is the units digit of (1 - y/(-3))/((-32)/(-480))?
5
Let x(v) = 27*v**2 + 4*v + 1. Let w(s) = 3*s**2 + 2*s + 1. Let a(t) = -2*w(t) + x(t). Let r be (0 - -2) + (-1 - 2). What is the units digit of a(r)?
0
Let f(l) = -64 - 24*l + 5*l + 5*l. What is the units digit of f(-16)?
0
Let f = -6880 - -47484. What is the tens digit of f?
0
What is the thousands digit of 492792/63 + 4 - (-4)/(-42)?
7
Let l(j) = 62*j**2 + 175*j - 3311. What is the tens digit of l(15)?
6
Suppose 34368 + 25802 = 2*l + 2*n, -90262 = -3*l - 4*n. What is the units digit of l?
8
What is the units digit of (-4)/(-2) + 41525/25?
3
Suppose 248188 = 38*l - 355252. What is the hundreds digit of l?
8
Suppose 161 = 3*k + 155. Suppose -9 = -k*u - y, -5 = 3*u + 3*y - 20. What is the units digit of u?
4
Suppose 0 = -256*n + 254*n - 12, -17818 = -4*o + n. What is the tens digit of o?
5
Suppose -3*i - 451*x + 1718 = -453*x, -x - 7 = 0. What is the units digit of i?
8
Let v(s) = s**3 + 31*s**2 + 36*s + 45. Let t = 208 - 236. What is the thousands digit of v(t)?
1
Let g be (-294)/(-24)*((0 - -2) + -6). Let x be (g/(-14) + -1)/((-1)/2). What is the units digit of -162*(x*3/(-6) - 3)?
1
Let n(l) = -6*l**2 + 6*l - 6. Let k(i) = 3*i**2 - 2*i + 3. Let x(p) = 13*k(p) + 6*n(p). What is the tens digit of x(-27)?
2
Suppose 235*r - 13518 = -3*p + 234*r, 5*p = -4*r + 22537. What is the thousands digit of p?
4
Let l = -91 + 124. Let b = l - 31. Suppose -4*x + 69 = t, -b*t + 5*x = -182 + 31. What is the units digit of t?
3
Suppose t - 4*t = -45. Suppose -4*x + 5*n = -250, -x + n + 47 + t = 0. Suppose 0 = 7*p - 11*p + x. What is the tens digit of p?
1
Let h = -490 + 473. What is the tens digit of (82 - (-4)/2)*(-13 - h)?
3
Suppose -132*n = -106*n + 156. What is the units digit of 6*(-152)/n - 2?
0
Let n = 46480 - 8171. What is the thousands digit of n?
8
Suppose -3*p - 849 = 1719. What is the tens digit of 3*p/(-6)*3/12?
0
Suppose -363 + 1622 = -c. Let n = -737 - c. Suppose 3*s + 94 = q - 0*s, 0 = 5*q - 2*s - n. What is the units digit of q?
6
Suppose 18*a = 22*a - 24. Suppose 0 = -z - 2*d + a*d + 136, -3*z - 3*d + 483 = 0. What is the hundreds digit of z?
1
Suppose -3*g - 2110 + 7757 = -49109. What is the ten thousands digit of g?
1
Let l = 77 + -76. Let y be 130/(-3)*(-81)/18 - l. Suppose -18 = 2*q - y. What is the units digit of q?
8
Suppose 4*x + 35096 = 4*y, 13*y - 4*x = 17*y - 35120. What is the thousands digit of y?
8
Let x(g) = 36*g**3 + 20*g**2 + 18*g - 214. What is the hundreds digit of x(11)?
3
Let c(w) = -w**2 - 21*w - 31. Let r be c(-23). Let v = r + 98. Suppose -13*o + v*o = 1304. What is the tens digit of o?
6
Let p be (-2)/(-7) - (-120)/21. Let d(o) = -4*o**2 + 14*o - 20. Let t(x) = -3*x**2 + 13*x - 18. Let l(m) = -2*d(m) + 3*t(m). What is the units digit of l(p)?
6
Suppose 15 - 67 = -26*g. What is the tens digit of (-145)/g*(-12 - (-1 - 1))?
2
Let g = -29130 + 29920. What is the units digit of g?
0
Let x be (-4)/10 + (-48)/30 - -25. Suppose x*j + 4 = 25*j. What is the tens digit of (j - 1) + 136*4/8?
6
Let j = 137394 - 84935. What is the units digit of j?
9
What is the tens digit of ((-5462240)/(-840))/(2/6)?
0
Let z(h) = h**3 - 53*h**2 - 87*h + 182. Let c(a) = 52*a**2 + 8*a - 5. Let d be c(1). What is the hundreds digit of z(d)?
4
Let o be (-1 - 7/(-21))*3*-1. Suppose 0 = o*d - 4*f - 437 - 509, -1415 = -3*d + 4*f. What is the hundreds digit of d?
4
Let g be -1 + (-7)/3 - (-12)/(-18). Let n(h) = -8*h + 11. Let k(o) = 2*o. Let m(d) = -14*k(d) + 2*n(d). What is the tens digit of m(g)?
9
Let t(f) = -f**3 + 4*f**2 + 9*f + 2. Let z be t(6). Let g = 21 + z. Suppose -78 = -g*y + 4*b, -b - 16 = y - 2*y. What is the units digit of y?
4
Let k(i) = -i**3 - 17*i**2 - 29*i + 16. Let w be k(-15). Let b(f) = 577*f**3 - 2*f**2 + 3*f - 2. What is the tens digit of b(w)?
7
Let s(j) = j**3 - j**2 + j - 9. Let p be s(3). Let z be 3 - (0 - (0 + -18)). What is the units digit of -1 + 634/p - z/90?
2
Let o = -445 - -459. Suppose -o*g + 3060 = -10*g. What is the units digit of g?
5
Let p be 3/((-1)/3 - 0). Let n be 4/6 - (-2)/(-3). What is the tens digit of 12*((-42)/p + n)?
5
Suppose -2*r + 17 = 3*b - 7*r, -b = 3*r - 15. Let u(z) = 17*z - 118. What is the tens digit of u(b)?
3
Let l = -1113 + 2113. What is the tens digit of l?
0
Let u(v) = 28*v**3 - 3*v**2 + 140*v - 33. What is the units digit of u(8)?
1
Suppose 3*s - 3*i = 1 + 5, 3*i - 15 = 0. Let j(o) = 8*o - 109. Let y be j(14). Suppose -y*p + 118 = s. What is the tens digit of p?
3
Let n(t) be the second derivative of t**5/24 - 2*t**4/3 - 2*t**3/3 - 11*t. Let b(q) be the second derivative of n(q). What is the tens digit of b(11)?
3
Let y = 34 - 24. Let z be (-6)/(-39) + (-28)/182. Suppose -2*b + y*b - 1000 = z. What is the tens digit of b?
2
Let g = 166876 - 97285. What is the hundreds digit of g?
5
Let b(y) be the first derivative of -y**2/2 + 9*y + 15. Let g(o) = 2*o - 9. Let d(h) = 7*b(h) + 6*g(h). What is the tens digit of d(10)?
5
What is the units digit of 3229775/225 + -21 - 12/(-27)?
4
Let k(w) = -8*w + 112. Let s be k(14). Let q(h) = 2*h**2 + 2*h + 957. What is the units digit of q(s)?
7
Let l be (0 - 4/8)*-8. Suppose 5*o - 5 = l*j + 4, 16 = 4*j. Suppose 3*k = -c + 588, o*k - 2*k - 4*c = 603. What is the units digit of k?
7
Let a = 107350 + -71317. What is the tens digit of a?
3
Let o = -255 - -12256. What is the hundreds digit of o?
0
Let m(t) = 15*t**3 + 20*t - 78. What is the units digit of m(3)?
7
Let o = 6 + 5. Suppose -17*a + o*a = -36. What is the hundreds digit of (a/36*-3)/((-1)/334)?
1
Suppose 10194*q - 178434 = 10176*q. What is the hundreds digit of q?
9
Let w(g) = -g**3 - 2*g**2 + 882*g - 76. What is the tens digit of w(-33)?
7
Let j(b) = 440*b - 697. What is the tens digit of j(12)?
8
Let n(r) be the first derivative of r**3/3 - r**2 + 10*r + 9. Suppose u = 5*l - 26, -2*l - 23 = -6*l + 3*u. What is the units digit of n(l)?
5
Suppose -3*l = -32794 + 7567. What is the units digit of l?
9
Let j = 186 + -185. What is the tens digit of (j - -3) + (356 - 1)?
5
Let t(m) = m**3 + 3*m**2 + 2*m + 6. Let h be t(-3). Suppose 10*d - 18*d + 480 = h. Suppose 392 - d = 2*g. What is the hundreds digit of g?
1
What is the ten thousands digit of 1538505/39 + 17 - (-5)/((-65)/(-2))?
3
Let w(m) = m**2 + 582*m + 12233. What is the hundreds digit of w(0)?
2
Suppose j + 11*j - 2988 = 0. Let z = j + -129. What is the hundreds digit of z?
1
Let c be (10 - 15)*(-4)/5. Suppose 0 = 5*p - 10, 2*a = -p + 8 + c. Suppose -5*f + 485 = -5*g, 3*f - 295 = a*g + 2. What is the tens digit of f?
9
Let m = 85 + -83. Let v(h) = 83 + 9*h + 7*h**m - 4*h**2 - 46. What is the units digit of v(-7)?
1
Suppose 5*m - 23*c + 22*c + 7 = 0, -2*m + 4*c = 10. What is the hundreds digit of (5 - 4) + m + 199 + 5?
2
What is the hundreds digit of 518466/52 + 42/28 + (-2 - -1)?
9
What is the units digit of (-204124)/(-9) + 33 + 5719/(-171)?
0
Let d(u) = 41*u**2 - 27*u - 125. Let j be d(-8). What is the tens digit of ((-6)/35 + (-4)/(-7))*j?
8
Let k be (2503 - -69)*(1 + 1/(-4)). Let r = -1174 + k. What is the tens digit of r?
5
Let z(b) = -67*b + 5. Let h be 72/(-16)*2/1. Let x be z(h). Suppose 5*d + 2*l - x